the greatest common factor of 31653676 and 344?
172
Calculate the greatest common divisor of 5272351 and 98.
49
What is the highest common divisor of 9140 and 1933930?
10
What is the greatest common divisor of 127816 and 5928?
104
What is the highest common factor of 141438271 and 2782?
1391
Calculate the highest common divisor of 7248 and 124102672.
2416
Calculate the greatest common divisor of 7143621 and 357.
51
Calculate the highest common divisor of 69736376 and 3824.
1912
Calculate the highest common divisor of 32435 and 706615.
65
What is the greatest common divisor of 12913 and 1065711?
37
Calculate the highest common factor of 60697 and 128702.
203
Calculate the greatest common factor of 29467444 and 556.
556
Calculate the highest common divisor of 78 and 130514033.
13
What is the highest common factor of 132 and 38096476?
44
Calculate the greatest common divisor of 695286 and 313938.
1926
Calculate the greatest common divisor of 1035989 and 52049.
713
Calculate the greatest common divisor of 39591234 and 254.
254
Calculate the highest common factor of 9540884 and 12116.
932
What is the highest common divisor of 288 and 226208?
32
What is the highest common divisor of 2500381 and 11077?
1007
Calculate the highest common factor of 16032620 and 180.
20
What is the greatest common divisor of 301 and 2026547?
43
What is the greatest common divisor of 14762 and 9194306?
242
What is the greatest common factor of 48384 and 6256656?
3024
What is the greatest common divisor of 17080 and 96746?
122
What is the highest common factor of 43008 and 135912?
168
What is the greatest common factor of 4653 and 2723039?
517
What is the highest common factor of 1363 and 358411?
29
What is the highest common divisor of 7317 and 188525757?
813
Calculate the highest common divisor of 752 and 52827248.
752
What is the highest common factor of 22670356 and 8?
4
Calculate the highest common factor of 2915 and 1100280.
265
Calculate the greatest common divisor of 4061 and 95237.
131
Calculate the greatest common factor of 265626 and 247077.
27
What is the greatest common divisor of 31821283 and 34001?
281
What is the highest common factor of 46934 and 16802?
62
What is the greatest common factor of 89628 and 3715294?
2134
Calculate the highest common factor of 760 and 5182592.
152
Calculate the highest common divisor of 2952 and 10585503.
369
Calculate the greatest common divisor of 6475696 and 48.
16
Calculate the greatest common divisor of 195819 and 2874.
3
What is the greatest common divisor of 7164 and 23304492?
7164
Calculate the greatest common factor of 503540 and 560.
20
What is the greatest common factor of 29550671 and 8859?
2953
What is the greatest common divisor of 3043120 and 32?
16
What is the greatest common factor of 105 and 17194765?
35
Calculate the highest common factor of 177552 and 72217632.
6576
Calculate the greatest common factor of 11011 and 471779.
847
What is the greatest common factor of 1112050704 and 1392?
1392
What is the greatest common divisor of 164 and 17286796?
4
What is the greatest common divisor of 54 and 3007386?
18
What is the greatest common factor of 418791929 and 58?
29
Calculate the greatest common divisor of 3136 and 3090752.
448
Calculate the highest common factor of 47555440 and 822.
274
Calculate the highest common divisor of 18495 and 8663195.
685
What is the greatest common divisor of 7799 and 1009616?
709
Calculate the greatest common divisor of 1231922311 and 5155.
1031
What is the highest common factor of 219937122 and 1881?
171
What is the highest common divisor of 6014523 and 1?
1
What is the greatest common factor of 1861028954 and 1202?
1202
Calculate the highest common divisor of 98 and 659687.
49
What is the highest common factor of 533933 and 27641974?
8753
What is the highest common divisor of 5339250 and 135?
135
Calculate the highest common divisor of 11292094 and 176.
22
Calculate the greatest common divisor of 10511205 and 3725.
745
What is the highest common factor of 19317 and 593751?
141
What is the highest common divisor of 47 and 8798071?
47
Calculate the highest common divisor of 199 and 72456298.
199
What is the greatest common divisor of 19617645 and 201954?
1041
Calculate the highest common divisor of 6694854 and 37.
37
Calculate the greatest common divisor of 702 and 47039967.
351
Calculate the highest common factor of 88107 and 2686239.
2049
What is the greatest common factor of 1824 and 7081376?
608
What is the highest common divisor of 40818490 and 10?
10
What is the greatest common factor of 1534 and 25696801?
767
What is the highest common factor of 16526360 and 120?
40
Calculate the greatest common divisor of 12311 and 38987.
13
What is the greatest common divisor of 3256 and 8275531?
407
What is the highest common factor of 25542 and 570834?
594
What is the greatest common factor of 1448851 and 6948?
193
What is the highest common factor of 3627 and 231207951?
1209
What is the greatest common divisor of 15 and 45140097?
3
Calculate the highest common factor of 519078250 and 1450.
1450
What is the highest common factor of 348 and 4511211?
87
What is the greatest common divisor of 7002 and 34403160?
2334
Calculate the greatest common factor of 21988610 and 6944.
434
Calculate the highest common factor of 4557882 and 7056.
294
Calculate the greatest common divisor of 93600 and 2152890.
90
Calculate the greatest common factor of 5050520 and 360.
40
Calculate the greatest common factor of 149335 and 80.
5
What is the highest common divisor of 4563 and 2585223?
27
What is the greatest common divisor of 908316 and 4554?
414
What is the greatest common divisor of 172783 and 32?
1
What is the greatest common divisor of 7489233 and 206?
103
What is the greatest common factor of 2211505 and 152?
19
Calculate the greatest common factor of 813483 and 154961.
83
Calculate the highest common factor of 176262 and 8178.
174
What is the greatest common factor of 6058715 and 17420?
65
What is the highest common factor of 1228045 and 19643?
13
What is the highest common factor of 91455 and 713076?
273
Calculate the highest common factor of 82 and 4951.
1
What is the greatest common divisor of 17612 and 2573942?
518
Calculate the highest common factor of 16684 and 2109362.
194
What is the highest common divisor of 19629792 and 54249?
4173
What is the greatest common factor of 232889 and 1295225?
503
Calculate the greatest common factor of 18415 and 155005.
145
What is the greatest common factor of 14 and 420278852?
14
What is the greatest common divisor of 390 and 30358965?
195
What is the greatest common factor of 82 and 461291?
41
Calculate the greatest common factor of 5215 and 14894785.
745
Calculate the highest common divisor of 25 and 1234053500.
25
What is the greatest common factor of 891210 and 103334?
122
What is the highest common divisor of 5183292 and 1464?
732
What is the highest common factor of 461170 and 493270?
1070
What is the greatest common factor of 11796 and 51924?
12
Calculate the greatest common divisor of 2212 and 6063092.
2212
What is the greatest common factor of 6990 and 1284296?
466
What is the highest common divisor of 89115 and 850395?
195
What is the highest common divisor of 792 and 126472632?
264
Calculate the highest common divisor of 10700 and 7453620.
2140
Calculate the highest common factor of 646769 and 531743.
1009
What is the highest common factor of 826749 and 396?
99
Calculate the greatest common divisor of 3878905 and 2525.
505
Calculate the greatest common divisor of 406 and 14973322.
14
What is the greatest common factor of 559024290 and 990?
990
What is the highest common divisor of 80 and 161047160?
40
What is the greatest common factor of 17860 and 84065140?
940
What is the greatest common factor of 444584 and 24752?
952
What is the greatest common factor of 6045 and 47024520?
465
What is the highest common divisor of 414 and 13611285?
207
What is the highest common divisor of 91458 and 8298?
18
Calculate the highest common factor of 94518708 and 51.
51
What is the highest common factor of 1487738 and 88445?
931
Calculate the greatest common factor of 28886 and 25894.
22
What is the greatest common factor of 72369 and 279543?
1419
What is the g